Determine p(53).
-6
Let o(v) = -v**2 + 21*v + 21. Calculate o(14).
119
Let k(z) = z**3 + 16*z**2 - 76*z + 90. Calculate k(-20).
10
Let r(n) = 66*n**2 + 590*n - 17. Calculate r(-9).
19
Let u(y) = -40*y**2 + 6*y - 10. Give u(3).
-352
Let m(k) = k**3 + 49*k**2 + 44*k - 352. Determine m(-48).
-160
Let o(c) = 82*c + 742. Determine o(-9).
4
Let y(h) = -h**2 + 21*h + 186. What is y(-9)?
-84
Let y(n) = -44*n + 833. Give y(19).
-3
Let o(x) = -3*x**2 - 75*x + 256. Give o(-28).
4
Let x(q) = -22*q**2 + 2330*q + 225. What is x(106)?
13
Let i(l) = 20*l**2 - 184*l + 14. Calculate i(9).
-22
Let r(h) = -h**2 - 23*h + 6188. Determine r(68).
0
Let j(d) = 88*d**2 + 3169*d + 44. Determine j(-36).
8
Let i(z) = 4*z**3 + 23*z**2 + z + 39. Give i(-6).
-3
Let u(k) = -190*k**2 + 4355*k + 343. What is u(23)?
-2
Let h(y) = -y**2 + 10*y + 41. What is h(16)?
-55
Let j(g) = -2*g**3 - 47*g**2 + 3*g - 448. Determine j(-24).
56
Let l(y) = -y**2 - y - 24. Determine l(-6).
-54
Let c(p) = p**2 - 89*p - 4482. Calculate c(125).
18
Let u(a) = -a**3 - 24*a**2 + 23*a + 533. What is u(-24)?
-19
Let h(v) = v**3 - 110*v**2 + 421*v + 311. What is h(106)?
-7
Let w(y) = 10*y**2 - 60*y + 7. Determine w(5).
-43
Let j(n) = -n - 25. What is j(13)?
-38
Let f(h) = 10*h**2 - 3*h + 51. Give f(8).
667
Let w(o) = -73*o + 347. Determine w(8).
-237
Let b(m) = -m**3 + 2*m**2 + 180*m - 697. What is b(4)?
-9
Let b(o) = 15*o**3 - o**2 - 16*o + 15. What is b(1)?
13
Let v(k) = -29*k - 422. Determine v(-15).
13
Let o(b) = -119*b - 1060. Calculate o(-10).
130
Let m(s) = s**3 + 41*s**2 - 43*s - 99. Calculate m(-42).
-57
Let a(x) = x**3 + 3*x**2 + 7*x + 57. What is a(-5)?
-28
Let m(s) = 7*s**2 + 8*s - 779. Give m(10).
1
Let l(b) = b**3 - 16*b**2 - 30*b + 16. Calculate l(18).
124
Let h(q) = -q**2 + 153*q + 40583. Calculate h(-139).
-5
Let m(y) = y**2 + 42*y - 1649. Determine m(-69).
214
Let l(q) = -242*q + 658. Give l(4).
-310
Let q(f) = 46*f**3 + 40*f**2 - 93*f + 16. Calculate q(2).
358
Let u(c) = 5*c**3 + 38*c**2 - 66*c - 26. Determine u(-9).
1
Let w(m) = 408*m + 470. What is w(-2)?
-346
Let z(i) = i**2 - 1199*i + 16593. Determine z(14).
3
Let u(g) = 2*g**2 + 86*g + 948. What is u(-19)?
36
Let k(p) = -89*p + 760. Calculate k(9).
-41
Let f(b) = b**3 + 24*b**2 + 109*b - 75. What is f(-7)?
-5
Let f(o) = -o**2 + 38*o + 1583. What is f(63)?
8
Let c(d) = d**3 - 8*d**2 + 7*d + 32. Determine c(6).
2
Let f(j) = -j**3 - 26*j**2 + 21*j + 66. What is f(-27)?
228
Let t(s) = s**3 + 63*s**2 - 343*s - 50. What is t(-68)?
154
Let d(u) = u**3 + 62*u**2 + 571*u + 517. Give d(-51).
7
Let p(k) = -k**3 + 8*k**2 + 18*k - 42. What is p(9)?
39
Let s(r) = -r**2 + 2984*r - 20839. Calculate s(7).
0
Let r(o) = o**3 - 58*o**2 + 124*o - 649. Determine r(56).
23
Let p(c) = 3*c**2 + 131*c - 1300. What is p(-52)?
0
Let h(m) = -m**3 - 8*m**2 + 3*m + 8. Determine h(-8).
-16
Let i(s) = s**3 - 9*s**2 + 2*s + 85. Give i(9).
103
Let s(g) = -10*g + 286. Give s(15).
136
Let f(o) = 65*o - 1427. Determine f(22).
3
Let i(d) = -22*d**3 - 30*d**2 + 76*d + 10. What is i(3)?
-626
Let p(x) = -x**2 - 13*x - 96. Determine p(-11).
-74
Let y(g) = g**2 - 71*g - 1186. Give y(-14).
4
Let o(j) = -20*j - 38. What is o(-4)?
42
Let x(g) = g**2 + 73*g + 702. What is x(-60)?
-78
Let s(a) = -10*a + 273. Give s(24).
33
Let s(v) = -10*v**2 - 46*v + 8. What is s(-7)?
-160
Let x(w) = 276*w + 6069. What is x(-22)?
-3
Let g(i) = -i**3 + 30*i**2 + 143*i + 13. Determine g(-4).
-15
Let q(z) = z**3 - 16*z**2 + 13*z - 3. What is q(15)?
-33
Let a(w) = -36*w - 76. Give a(-12).
356
Let n(o) = 58*o + 1173. Determine n(-18).
129
Let d(i) = 2*i**3 - 81*i**2 + 20*i - 2496. Determine d(41).
5
Let r(a) = -3*a**3 + 5*a**2 + 11*a + 16. Calculate r(6).
-386
Let a(r) = -35*r - 433. Calculate a(-11).
-48
Let c(z) = 32*z**3 - 2*z - 3. Calculate c(-1).
-33
Let y(j) = -85*j + 1946. Calculate y(24).
-94
Let m(j) = -8*j**2 + 114*j - 315. What is m(3)?
-45
Let c(y) = -3*y**2 + 3633*y + 7262. Give c(-2).
-16
Let i(u) = -2*u**3 + 37*u**2 + 220*u - 3178. Give i(20).
22
Let b(y) = -y**2 - 72*y + 323. Determine b(4).
19
Let v(o) = -2*o**3 - 209*o**2 + 109*o + 439. Calculate v(-105).
19
Let u(y) = 2*y**2 + 30*y - 62. Give u(2).
6
Let u(n) = -3*n**2 - n - 15. Determine u(-11).
-367
Let z(n) = n**3 + 20*n**2 + 72*n - 21. What is z(-11)?
276
Let d(g) = -g**3 + 64*g**2 - 970*g - 33. Calculate d(40).
-433
Let u(g) = 44*g - 542. Determine u(9).
-146
Let j(d) = 38*d - 231. Determine j(4).
-79
Let a(i) = i**3 - 7*i**2 + 17*i - 10. Give a(9).
305
Let g(y) = 2*y**3 + 72*y**2 + 6*y - 34. Give g(-36).
-250
Let g(y) = 15*y**2 - 2007*y - 543. What is g(134)?
-141
Let v(q) = 12*q**3 + q**2 + 9*q - 2. Calculate v(2).
116
Let v(y) = -113*y + 1576. Give v(14).
-6
Let i(r) = 315*r - 800. Calculate i(3).
145
Let w(n) = -n**2 - 157*n - 3805. Give w(-30).
5
Let k(i) = -i**3 + 63*i**2 - 411*i + 128. Calculate k(7).
-5
Let r(s) = -25*s**2 - 1142*s - 766. Determine r(-45).
-1
Let k(t) = 257*t**2 - 259*t. Give k(1).
-2
Let r(c) = -9*c**2 - 317*c - 65. Give r(-35).
5
Let x(a) = -a**2 - 67*a + 48. Calculate x(-65).
178
Let j(f) = f**2 - 127*f - 1797. Give j(-13).
23
Let k(x) = -x**3 - 6*x**2 - 15*x - 9. Determine k(-6).
81
Let i(y) = -11*y + 149. Calculate i(18).
-49
Let p(v) = -v**2 - 18*v + 124. Calculate p(6).
-20
Let x(q) = 12*q**2 - 543*q + 137. Calculate x(45).
2
Let l(y) = 2*y + 170. Calculate l(33).
236
Let j(x) = 24*x**2 - 666*x + 492. Determine j(27).
6
Let u(g) = -2*g**2 + 290*g + 4712. Determine u(-15).
-88
Let r(y) = 36*y + 85. Give r(-15).
-455
Let x(v) = -5*v**2 + 12*v + 11. What is x(-1)?
-6
Let b(l) = -l**3 + 8*l**2 - 7*l - 6. What is b(2)?
4
Let v(x) = -x**3 + 80*x**2 - 144*x - 940. Give v(78).
-4
Let d(v) = 28*v - 702. Calculate d(24).
-30
Let g(a) = 3774*a - 15094. Give g(4).
2
Let q(j) = 1921*j + 1912. Calculate q(-1).
-9
Let x(v) = 71*v - 5032. Calculate x(71).
9
Let p(j) = -j**3 - 27*j**2 + 143*j + 81. Give p(-32).
625
Let x(k) = k**3 + 55*k**2 + 252*k + 83. Calculate x(-50).
-17
Let s(z) = z**3 + 818*z**2 - 4118*z - 9. Determine s(5).
-24
Let n(s) = 3*s**2 + 68*s - 42324. What is n(108)?
12
Let u(a) = -a**3 + 24*a**2 - 123*a - 90. Determine u(16).
-10
Let u(c) = c**2 + 60*c + 778. Give u(-19).
-1
Let d(c) = 8*c**2 + 5*c - 418. Determine d(7).
9
Let c(p) = -p**3 - 40*p**2 - 23*p - 21. What is c(-39)?
-645
Let c(g) = g**3 + 21*g**2 - 71*g + 29. What is c(-24)?
5
Let a(z) = -4*z**2 + 582*z - 19516. Calculate a(93).
14
Let k(c) = -c**3 + 28*c**2 - 76*c - 46. What is k(25)?
-71
Let k(j) = 17*j + 127. Determine k(-7).
8
Let f(z) = -z**3 - 18*z**2 + 60*z - 20. Give f(-21).
43
Let n(c) = 32*c**2 - 3*c - 2. Determine n(4).
498
Let x(m) = 104*m + 9715. Give x(-94).
-61
Let t(s) = s**3 + 7*s**2 - 23*s - 185. Give t(-7).
-24
Let p(b) = -917*b - 8266. What is p(-9)?
-13
Let g(c) = -6*c**3 - 24*c**2 - 23*c + 2. What is g(-1)?
7
Let t(x) = -x**2 - 36*x - 38. Calculate t(-35).
-3
Let z(k) = -11*k**2 + 151*k + 36. Determine z(14).
-6
Let z(r) = -31*r - 846. What is z(-27)?
-9
Let q(d) = d**3 + 294*d**2 + 19299*d - 601. What is q(-99)?
-7
Let k(b) = -2*b**2 + 36*b + 276. Calculate k(-6).
-12
Let i(x) = x**3 + 29*x**2 + 76*x - 66. Calculate i(-26).
-14
Let q(x) = 29*x - 118. Calculate q(3).
-31
Let m(d) = d**3 - 25*d**2 + 64*d - 417. What is m(23)?
-3
Let j(b) = -10*b + 43. Calculate j(26).
-217
Let g(f) = 3*f**2 - 5*f - 26. Give g(5).
24
Let u(f) = -15*f + 75. Calculate u(28).
-345
Let a(k) = 7886*k - 283896. Determine a(36).
0
Let r(g) = -g**3 - 3*g**2 + 462*g + 1833. Calculate r(-4).
1
Let u(l) = 3*l**3 + 30*l**2 + 3*l + 32. What is u(-10)?
2
Let b(v) = 2*v**3 - 49*v**2 + 16*v + 85. Give b(24).
-107
Let k(u) = -28*u + 1004. What is k(26)?
276
Let c(v) = -v**3 - 17*v**2 + 15*v - 74. Give c(-18).
-20
Let m(o) = 6*o + 19. What is m(18)?
127
Let w(z) = 57*z + 1168. Give w(-20).
28
Let u(y) = 2*y**2 - 16*y - 65. Calculate u(-4).
31
Let i(k) = 56*k**2 + 16*k + 17. Determine i(-1).
57
Let i(m) = -m**3 - 4*m**2 + 36. What is i(-3)?
27
Let n(q) = 100*q - 251. Give n(-5).
-751
Let t(l) = -32*l + 75. Determine t(4).
-53
Let m(u) = -u**3 - 4*u**2 + 147*u + 779. Determine m(-6).
-31
Let q(p) = 14*p**2 + 69*p - 2. What is q(-5)?
3
Let v(l) = 2*l**2 + 188*l + 3783. Give v(-29).
13
Let j(n) = 8*n**2 + 27*n + 46. Give j(-4).
66
Let k(x) = x**